- 0).
86
Evaluate -19 - ((-11 + 5 - 29) + -6).
22
What is 31 - (70 + 13 + 49 + -30)?
-71
2 - -102 - 5 - -5 - (20 + -47 + 37)
94
Calculate 2 + 40 + 186 + -95 + -90.
43
Evaluate -47 - (-11 + -9 + 25).
-52
What is the value of 63 - (6 - (-39 - -23)) - (-1 - (-6 - 2))?
34
Evaluate 3 + -11 + (-4 - 5 - -63 - 1).
45
What is the value of 2 + -16 + (-5 - -22) + 4 + -17?
-10
1 + 29 + -146 + 160 + (-8 - (-5 - -9))
32
Calculate 2 + 13 + (-114 + 11 - -113).
25
What is 32 - (-37 + -60 + 58)?
71
What is 648 - 660 - ((0 - 0) + 3)?
-15
Calculate 0 + 5 - (83 - 125) - (-15 + 29).
33
Calculate 12 + (26 - (-25 - -73)).
-10
What is (-3 - 43) + 2974 + -2963?
-35
What is the value of 14 + 0 + (-36 - (10 - 69))?
37
What is 44 + (-69 - -21) - (-1 + 1 - 3)?
-1
What is -75 - (2 + -2 + 3 + 16 + (10 - 25))?
-79
Calculate 78 - (-34 - 3) - 109.
6
Evaluate -195 - (-113 - 107) - (0 + 12).
13
What is the value of (20 + -8 - 22 - -4) + 3 - -6 - -56?
59
Evaluate -156 + 111 + 107 + 22.
84
Calculate 67 + 3 - (-792 - -899).
-37
Calculate (5 - (-11 - (-23 + 10) - 2)) + -3.
2
131 - (2 - 3) - (37221 + -37201)
112
What is 244 - 306 - (-7 + 19 + -7 + 6 + -26)?
-47
Evaluate (-3 - 4) + 6 + 6 - 4.
1
What is the value of -23 + -78 + 97 + -52?
-56
Calculate 22 + -9 + (2 - 0) + (-24 - 32).
-41
Evaluate (-1 - 12 - (-6 + 8)) + (2738 - 2777).
-54
Calculate (-165 - -165) + 29 - (40 + -1).
-10
Evaluate 10 + -13 + (82 - (11 + -8)) + 18.
94
Evaluate (-24 - ((-2 - 6) + -5)) + -4 + 1 + 37.
23
What is (3 - -43 - -1) + (1 - -6) + -8?
46
(-2 - (25 - 2)) + (-752 - -738)
-39
-183 + 147 - (0 + (0 - 5) + (-8 - -22))
-45
Evaluate -1543 - -1511 - (-85 - -2).
51
What is (-244 - (-68 - 64)) + 116?
4
What is 100 + -4 - 86 - -14?
24
What is (-14 - -1) + -9 + (28 - 16)?
-10
Calculate 6 + (9 - (2 + -4)) + (-322 - -217).
-88
What is -11 + (61 + -59 - 124)?
-133
(-6 - -28 - 13) + 4 - -34
47
What is 7106 - 7146 - (-1 + 16)?
-55
28 + 5 + -21 - (1 + 0) - 147
-136
279 + 67 + -180 + -75
91
What is (10 - (11 - 19)) + 31 - -8?
57
What is (4 - 2 - -25) + (-48 - -32 - -13)?
24
(-11 - (20 + -11) - 0) + 1 - (-3 - 0)
-16
-7 - (-87 - (12 + -27)) - -1 - (11 + -4)
59
What is the value of -117 - (-139 + -18) - 82?
-42
453 - 468 - (3 + (-1 - 56))
39
What is 41 - (-49 - -43) - (-3 + (3 - 6))?
53
Evaluate 1 + 0 + -14 - (-170 - (-357 + 128)).
-72
-23 + (-7 - ((-10 - (-12 - -11)) + -10)) + -5
-16
Calculate (2 - (-4 + -2)) + (51 + -12 - 53).
-6
What is the value of 99 + -73 + -9 + -7?
10
What is 0 - -21 - (18952 + -19001)?
70
What is the value of 123 + (30 - 83) + -23?
47
What is the value of -83 - (16 - (-9 + 3 - (9 - 15 - 4)))?
-95
(-1 + 86 - (-91 - -113)) + -16
47
What is the value of 325 - (137 + -19) - 141?
66
-19 + 28 - ((19 - 16) + (-7 - 1) + -11)
25
Calculate 3 + -33 + 165 + -90.
45
Calculate -3 + -1 + -16 + 7 + 3 + 2 - -65.
57
-1 + -35 - ((-44 - -9) + (82 - 60))
-23
Calculate -13 - (-59 + (-27 - -47 - -29)).
-3
What is the value of 74 + -1 - (197 + -159)?
35
Calculate 4 + (6 - 9) + -4 - (26 + -66 + 24).
13
What is -244 + 283 + (-1 + -6 - -4)?
36
Evaluate -112 - ((-338 - -3) + 107).
116
Calculate 10 + (12 - 15) + -9 - 21 - -35.
12
What is the value of -1969 - -1953 - (-75 + 2)?
57
-32 + -3 + 30 - (-16 + -7 + 11)
7
What is the value of (39 - 63 - 32) + 21?
-35
What is (-1 - 5) + (-8 - -12) + (-343 - -356) + 31?
42
What is the value of (-1 + 2 - -8) + -3892 + 3857?
-26
What is 10 - ((33 + 4 - 36) + (1 - -1)) - -50?
57
46 - (14 - 0 - (81 + -25 - 47))
41
Evaluate -2 - (-7 - (3 - (9 - 21))).
20
Calculate (1 - 2) + (7 - 20) + (-1218 - -1234).
2
What is 23 - (0 + -11 - ((-16 + 23 - 10) + -1))?
30
What is (-114 - -108) + 64 + (-16 - -1)?
43
(51 - 8 - -18) + -142
-81
(24 - 23 - (-77 + -3)) + 49 + -69
61
What is the value of -33 + 104 - 0 - (-21 - 0)?
92
Calculate 146 + 40 + -58 + -58.
70
What is 29 - (-32 - ((-34 - 78) + -35))?
-86
What is the value of -2875 - -2782 - (-50 - 0)?
-43
What is the value of (-33 - -15) + (14 - (-5 - -20 - 4))?
-15
What is the value of 155 + -136 + 1 + 5 + 7 + -12 + -15?
5
Calculate 93 - (18 - (-54 + 50 + 5 + -1)).
75
-7 + 10 + 1 - (-7 + -3) - 12
2
What is -77 - (-19 - 5 - (32 + -22))?
-43
What is 6 + 3 - (19 + (133 - 241))?
98
What is (8 - (-8 - 1 - -17 - -1 - 7)) + -9?
-3
What is the value of (104 - 24) + (-243 - -132)?
-31
Calculate -7 + -2 + (-81 - (5 + -13)) + 17.
-65
Evaluate (-89 - -127) + (-124 - (-22 + 5)).
-69
Calculate 10 + (-24 - -12) - ((-9 + 6 - -1) + 0).
0
Evaluate (-7 + -50 - -40) + 178 + -33.
128
-96 - -229 - 86 - 26
21
What is (-1 + (-4 - 16) + 21 - -77) + 8?
85
What is the value of -16 + (0 - 1 - (66 + (-12 - -1)))?
-72
What is the value of (0 - 9) + (29 - (-49 - -103))?
-34
What is the value of 2 - -36 - (-48 - -39 - (7 - 16 - -4))?
42
What is the value of (45 + (-10 - 24) - -27) + -104?
-66
What is the value of -112 + 213 + -190 + (1 - -29)?
-59
Calculate -26 - (8 + 7 + -21 + (12 - -7)).
-39
What is the value of 15 - 59 - (-161 + 68)?
49
Evaluate (-93 - -115) + (-40 - -1) + 70.
53
Calculate 122 + (-45 - (-59 + 26)) + -45.
65
(-5 - (54 + -9)) + (7 - 2) + -10
-55
6 + -31 + -2 + 15 + 38
26
What is 7 + -14 - (10 + -4 + -13 + -81 + 11)?
70
What is (19 - 12) + (-8 - -4) + -92?
-89
What is (44 - (-2 - -56)) + (-1 + 3 - -23)?
15
What is the value of 33 + -39 + (-48 - -55) + (1 - -90)?
92
What is the value of -4 + (-15 - -16) - (18 + (-3 - 7))?
-11
Evaluate 237 - 17 - -57 - 143.
134
What is -42 + 0 - (108 + -2 - 22)?
-126
Calculate 35 - (-23 + (14 - -12) + 12).
20
Calculate -94 - (11 - 11) - (-1 + -8 + -8 + 4).
-81
What is -2 + -20 - 1 - (-10 - (-28 + (52 - 23)))?
-12
What is the value of 20 + -2 - (-2037 - -2081)?
-26
Evaluate 4 + -11 + (-15 - -11) + 15 - -12 - -114.
130
(18 - (-5 + 29)) + -16 + 51
29
Calculate (3 + -6 - 4) + (-732 + 769 - (-5 + 1)).
34
What is (-12 - 11) + (29 - -13)?
19
What is (-5 - -10) + -4 - (-27 + 24 + -44)?
48
-10 - (-16 - -9) - (-19 + 8 + 9)
-1
Evaluate 18 + 31 + -108 - -10.
-49
What is -91 + 163 + -49 + -44?
-21
What is the value of -1 + 39 - (-42 + 92 + -46)?
34
Calculate -76 + (133 - (-4 + 38)).
23
What is the value of -3 + (14 - 1) + -1 + (35 - (35 + 0))?
9
Calculate (-12 + 9 + -15 + -7 - -7) + -7.
-25
Evaluate (10 - 11) + (-14 - -11) + -51 + (2 - 2).
-55
What is the value of 93 - (18 - (33 - 82))?
26
(26 - (61 + -41)) + 18
24
What is the value of -112 + 194 + -209 - -222?
95
Calculate (-11 - (83 - 34)) + -5 + -1 + 5 + 10.
-51
What is 9 + ((13 - 3) + -31 - -43) - -12?
43
Evaluate 39 - 43 - (24 + (9 - (3 - -15))).
-19
Evaluate 83 + (-53 - (42 - 44)).
32
What is (-85 - -1) + 3 - (117 - 144)?
-54
Calculate 50 - (-97 + -39 + 115).
71
Evaluate 12 + (-13 + 1 - (13 - (-58 - -36))).
-35
What is (-14 - -12) + (0 - -18 - (-56 - -63)) - 84?
-75
Evaluate -14 - (-7 - ((-18 - -11) + 10) - -29).
-33
Calculate 6 + -13 + 101 + -11 - (0 - 1 - -4).
80
Calculate 36 + 1 - 4 - -4 - (3 + 0).
34
What is -5 + (-11 - (-8 + -16 + 8) - 13)?
-13
13 - (-4 + (-10 + 22 - -1) - 1)
5
What is -84 + ((83 - 14) + -82 - (1 - (0 + 1)))?
-97
0 + -3 + -4 - -6 - (-14 + -1)
14
Evaluate (28 - 4) + (31 - 21 - 118).
-84
Calculate (38 - 39) + 14 + (2 - (12 + 3)).
0
43 - (-24 + 11 + (-31 - 12))
99
Calculate -31 + 6 - (-138 + 81).
32
Calculate -3798 + 3884 + (-1 - 3).
82
What is -23 + (-1 - -12) + -5 - -17?
0
Evaluate 42 - (141 + -2) - (14 - -4).
-115
What is the value of -2 + 2 + -2 + -21 + (2 - -29) + -3?
5
Calculate 47 - (-24 - (-43 - -39)) - (-15 + 1).
81
What is the value of -113 - (116 + -118 + -53)?
-58
What is (33 - (-40 + 38)) + -19 + 25?
41
Calculate (-31 - (26 - 17 - -3)) + 5.
-38
What is the value of (0 - 1) + 4 + -15 + 18 + -16?
-10
What is -8 - (0 + (-8 - -7 - 0)) - -18 - 6?
5
What is the value of (11 - (-12 - -20)) + (-2 - 1) - (58 - -1)?
-59
Calculate 29 - (3 + 22 - 29).
33
What is 5 + (-10 - 47 - 2) - (11 + (-6 - 7))?
-52
Evaluate -18 - 0 - (-102 + 89 + -3).
-2
Evaluate (0 - -80) + 5 + 21 + -49.
57
-19 + 4 + 2 + (34 - 15 - 12) - -8
2
30 + -44 + (67 - 44) + (0 + -2 - 42)
-35
Evaluate -13 - -53 - 35 - ((2 - 2) + -2 - -106).
-99
Evaluate -38 + -3 + (-123 - -173).
9
Evaluate (-109 - 32) + 14 + 95.
-32
(-443 - -476) + -1 + -7 + -135
-110
What is (39 - 29) + (-115 - 2) - (-17 - (-59 + 29))?
-120
What is -90 + (84 - 62) + 42?
-26
Calculate 25 + -7 + 3 - 34 - (-3 - -14).
-24
Calculate -52 + 10 + -5 - -63.